{"id":878,"date":"2016-06-13T09:38:47","date_gmt":"2016-06-13T07:38:47","guid":{"rendered":"http:\/\/www.jujutsu.asso.fr\/?page_id=878"},"modified":"2025-12-20T00:02:46","modified_gmt":"2025-12-19T22:02:46","slug":"calendrier","status":"publish","type":"page","link":"https:\/\/www.jujutsu.asso.fr\/?page_id=878","title":{"rendered":"Calendrier"},"content":{"rendered":"\n<p>Saison 2025 2026<\/p>\n\n\n\n<ul class=\"wp-block-list\">\n<li>Forum des associations de Champagne au Mont d&rsquo;Or : 06 septembre 2025<\/li>\n\n\n\n<li>Stage adultes avec passage de grade : 09 novembre 2025<\/li>\n\n\n\n<li>Stage parents &#8211; enfants ; 1\u00e8re \u00e9dition : 14 d\u00e9cembre 2025<\/li>\n\n\n\n<li>C\u00e9r\u00e9monie du Kagami Biraki : 01 f\u00e9vrier 2026<\/li>\n\n\n\n<li>Portes ouvertes ; d\u00e9couverte du Jujutsu traditionnel : 29 mars 2026<\/li>\n\n\n\n<li>Participation aux Olympiades de Champagne au Mont d&rsquo;Or : 30 mai 2026<\/li>\n\n\n\n<li>D\u00e9fil\u00e9 des associations : 21 juin 2026<\/li>\n\n\n\n<li>Assembl\u00e9e G\u00e9n\u00e9rale de l&rsquo;association : 23 juin 2026<\/li>\n\n\n\n<li>Fin de saison : 25 juin 2026<\/li>\n\n\n\n<li>Le planning des cours : <\/li>\n<\/ul>\n\n\n\n<figure class=\"wp-block-table\"><table><tbody><tr><td class=\"has-text-align-left\" data-align=\"left\"><strong>Horaires Cours Dojo Champagne au Mt d\u2019Or (mixte)<\/strong><\/td><td><strong>Mardi&nbsp;<\/strong><\/td><td><strong>Jeudi<\/strong><\/td><\/tr><tr><td class=\"has-text-align-left\" data-align=\"left\"><strong>Enfants de 6 \u00e0 8 ans (CP CE1 CE2)<\/strong><br \/><strong>(de 12 enfants max)<\/strong><\/td><td><\/td><td>17h30 \u00e0 18h30<\/td><\/tr><tr><td class=\"has-text-align-left\" data-align=\"left\"><strong>Enfants de 9 \u00e0 12 ans (CM1 CM2)<\/strong><br \/><strong>(de 12 enfants max)<\/strong><\/td><td><\/td><td>18h30 \u00e0 19h30<\/td><\/tr><tr><td class=\"has-text-align-left\" data-align=\"left\"><strong>Cours adultes avanc\u00e9 (minimum ceinture orange)<\/strong><br \/><strong>(12 maxi)<\/strong><\/td><td>19h00 \u00e0 20h00<\/td><td><\/td><\/tr><tr><td class=\"has-text-align-left\" data-align=\"left\"><strong>S\u00e9niors et retour \u00e0 la pratique activit\u00e9 physique<\/strong><\/td><td><\/td><td>16h30 \u00e0 17h30<\/td><\/tr><tr><td class=\"has-text-align-left\" data-align=\"left\"><strong>Jeunes de 13 \u00e0 18 ans, adultes, seniors<\/strong><br \/><strong>(12 maxi)<\/strong><\/td><td>20h00 \u00e0 21h30<\/td><td>20h30 \u00e0 21h45<\/td><\/tr><\/tbody><\/table><\/figure>\n\n\n\n<p><\/p>\n","protected":false},"excerpt":{"rendered":"<p>Saison 2025 2026 Horaires Cours Dojo Champagne au Mt d\u2019Or (mixte) Mardi&nbsp; Jeudi Enfants de 6 \u00e0&hellip;<\/p>\n","protected":false},"author":9,"featured_media":0,"parent":30,"menu_order":1,"comment_status":"closed","ping_status":"closed","template":"","meta":{"footnotes":""},"class_list":["post-878","page","type-page","status-publish","hentry","no-margin"],"jetpack_sharing_enabled":true,"_links":{"self":[{"href":"https:\/\/www.jujutsu.asso.fr\/index.php?rest_route=\/wp\/v2\/pages\/878","targetHints":{"allow":["GET"]}}],"collection":[{"href":"https:\/\/www.jujutsu.asso.fr\/index.php?rest_route=\/wp\/v2\/pages"}],"about":[{"href":"https:\/\/www.jujutsu.asso.fr\/index.php?rest_route=\/wp\/v2\/types\/page"}],"author":[{"embeddable":true,"href":"https:\/\/www.jujutsu.asso.fr\/index.php?rest_route=\/wp\/v2\/users\/9"}],"replies":[{"embeddable":true,"href":"https:\/\/www.jujutsu.asso.fr\/index.php?rest_route=%2Fwp%2Fv2%2Fcomments&post=878"}],"version-history":[{"count":13,"href":"https:\/\/www.jujutsu.asso.fr\/index.php?rest_route=\/wp\/v2\/pages\/878\/revisions"}],"predecessor-version":[{"id":1537,"href":"https:\/\/www.jujutsu.asso.fr\/index.php?rest_route=\/wp\/v2\/pages\/878\/revisions\/1537"}],"up":[{"embeddable":true,"href":"https:\/\/www.jujutsu.asso.fr\/index.php?rest_route=\/wp\/v2\/pages\/30"}],"wp:attachment":[{"href":"https:\/\/www.jujutsu.asso.fr\/index.php?rest_route=%2Fwp%2Fv2%2Fmedia&parent=878"}],"curies":[{"name":"wp","href":"https:\/\/api.w.org\/{rel}","templated":true}]}}

<p>Saison 2025 2026</p>



<ul class="wp-block-list">
<li>Forum des associations de Champagne au Mont d&rsquo;Or : 06 septembre 2025</li>



<li>Stage adultes avec passage de grade : 09 novembre 2025</li>



<li>Stage parents &#8211; enfants ; 1ère édition : 14 décembre 2025</li>



<li>Cérémonie du Kagami Biraki : 01 février 2026</li>



<li>Portes ouvertes ; découverte du Jujutsu traditionnel : 29 mars 2026</li>



<li>Participation aux Olympiades de Champagne au Mont d&rsquo;Or : 30 mai 2026</li>



<li>Défilé des associations : 21 juin 2026</li>



<li>Assemblée Générale de l&rsquo;association : 23 juin 2026</li>



<li>Fin de saison : 25 juin 2026</li>



<li>Le planning des cours : </li>
</ul>



<figure class="wp-block-table"><table><tbody><tr><td class="has-text-align-left" data-align="left"><strong>Horaires Cours Dojo Champagne au Mt d’Or (mixte)</strong></td><td><strong>Mardi&nbsp;</strong></td><td><strong>Jeudi</strong></td></tr><tr><td class="has-text-align-left" data-align="left"><strong>Enfants de 6 à 8 ans (CP CE1 CE2)</strong><br /><strong>(de 12 enfants max)</strong></td><td></td><td>17h30 à 18h30</td></tr><tr><td class="has-text-align-left" data-align="left"><strong>Enfants de 9 à 12 ans (CM1 CM2)</strong><br /><strong>(de 12 enfants max)</strong></td><td></td><td>18h30 à 19h30</td></tr><tr><td class="has-text-align-left" data-align="left"><strong>Cours adultes avancé (minimum ceinture orange)</strong><br /><strong>(12 maxi)</strong></td><td>19h00 à 20h00</td><td></td></tr><tr><td class="has-text-align-left" data-align="left"><strong>Séniors et retour à la pratique activité physique</strong></td><td></td><td>16h30 à 17h30</td></tr><tr><td class="has-text-align-left" data-align="left"><strong>Jeunes de 13 à 18 ans, adultes, seniors</strong><br /><strong>(12 maxi)</strong></td><td>20h00 à 21h30</td><td>20h30 à 21h45</td></tr></tbody></table></figure>



<p></p>

<p>Saison 2025 2026 Horaires Cours Dojo Champagne au Mt d’Or (mixte) Mardi&nbsp; Jeudi Enfants de 6 à&hellip;</p>
