{"id":46,"date":"2010-08-17T15:11:57","date_gmt":"2010-08-17T15:11:57","guid":{"rendered":"http:\/\/www.jujutsu.asso.fr\/?page_id=46"},"modified":"2025-12-19T23:51:11","modified_gmt":"2025-12-19T21:51:11","slug":"contact","status":"publish","type":"page","link":"https:\/\/www.jujutsu.asso.fr\/?page_id=46","title":{"rendered":"Contact"},"content":{"rendered":"<p><strong>Association de JuJutsu de Champagne au Mont d&rsquo;Or<\/strong><br \/><a href=\"mailto:contact@jujutsu.asso.fr\">contact@jujutsu.asso.fr<\/a><\/p>\n<hr \/>\n<p style=\"text-align: center;\"><strong>Bureau<\/strong><\/p>\n<hr \/>\n<p><strong>Pr\u00e9sident : <\/strong><br \/>J\u00e9r\u00e9my SANDRIN<br \/><span style=\"text-decoration: underline;\">Mail<\/span> : <a href=\"mailto:president@jujutsu.asso.fr\">jeremy.sandrin@jujutsu.asso.fr<\/a><\/p>\n<p><strong>Vice Pr\u00e9sident et secr\u00e9taire :<\/strong><br \/>R\u00e9gis DEVUN<br \/><span style=\"text-decoration: underline;\">Mail<\/span> : \u00a0<a href=\"mailto:Regis.devun@jujutsu.asso.fr\">regis.devun@jujutsu.asso.fr<\/a><\/p>\n<p><strong>Tr\u00e9sorier :<br \/><\/strong>Astrid ALLALA<br \/><span style=\"text-decoration: underline;\">Mail<\/span> : <a href=\"mailto:tresorerie@jujutsu.asso.fr\">tresorerie@jujutsu.asso.fr<\/a><\/p>\n<p><strong>Membres du bureau :<\/strong><br \/>Katia LE TOUCHE<\/p>\n<p>Val\u00e9rie TINOT<br \/><span style=\"text-decoration: underline;\">Mail<\/span> : <a href=\"mailto:contact@jujutsu.asso.fr\">contact@jujutsu.asso.fr<\/a><\/p>\n<hr \/>\n<p><strong>Responsable Technique b\u00e9n\u00e9vole :<\/strong><br \/>Pascal BRIERE, Shihan 5\u00e8me stade des valeurs<br \/><span style=\"text-decoration: underline;\">Port.<\/span> : 06 04 07 93 21<\/p>\n<hr \/>\n<p class=\"p1\"><b>Dojo de Champagne au Mont d\u2019Or<br \/><\/b>Salle Paul MORAND<br \/>Place de la Mairie<br \/>69410 Champagne au Mont d\u2019Or<\/p>\n<p><strong>Adresse postale officielle de l&rsquo;association :<\/strong><br \/>10, Rue de la Mairie<br \/>69410 Champagne au Mont d&rsquo;Or<\/p>\n<p><strong>Plan d&rsquo;acc\u00e8s au dojo de Champagne au Mont d&rsquo;Or :<\/strong><\/p>\n\n\n<iframe src=\"https:\/\/www.google.com\/maps\/embed?pb=!1m14!1m8!1m3!1d11127.126441112054!2d4.7855544!3d45.7956028!3m2!1i1024!2i768!4f13.1!3m3!1m2!1s0x47f4ecaf46e75da9%3A0x28724f346139a654!2sGymnase%20Marcel%20Chatelet!5e0!3m2!1sfr!2sfr!4v1690288187533!5m2!1sfr!2sfr\" width=\"600\" height=\"450\" style=\"border:0;\" allowfullscreen=\"\" loading=\"lazy\" referrerpolicy=\"no-referrer-when-downgrade\"><\/iframe>\n\n\n\n<div style=\"height:43px\" aria-hidden=\"true\" class=\"wp-block-spacer\"><\/div>\n\n\n\n<div class=\"wp-block-group is-nowrap is-layout-flex wp-container-core-group-is-layout-ad2f72ca wp-block-group-is-layout-flex\">\n<p>Nos r\u00e9seaux sociaux : <\/p>\n\n\n\n<ul class=\"wp-block-social-links aligncenter has-normal-icon-size has-visible-labels is-style-default is-horizontal is-content-justification-right is-layout-flex wp-container-core-social-links-is-layout-50b589c2 wp-block-social-links-is-layout-flex\"><li class=\"wp-social-link wp-social-link-facebook  wp-block-social-link\"><a rel=\"noopener nofollow\" target=\"_blank\" href=\"https:\/\/www.facebook.com\/profile.php?id=61556359656233\" class=\"wp-block-social-link-anchor\"><svg width=\"24\" height=\"24\" viewBox=\"0 0 24 24\" version=\"1.1\" xmlns=\"http:\/\/www.w3.org\/2000\/svg\" aria-hidden=\"true\" focusable=\"false\"><path d=\"M12 2C6.5 2 2 6.5 2 12c0 5 3.7 9.1 8.4 9.9v-7H7.9V12h2.5V9.8c0-2.5 1.5-3.9 3.8-3.9 1.1 0 2.2.2 2.2.2v2.5h-1.3c-1.2 0-1.6.8-1.6 1.6V12h2.8l-.4 2.9h-2.3v7C18.3 21.1 22 17 22 12c0-5.5-4.5-10-10-10z\"><\/path><\/svg><span class=\"wp-block-social-link-label\">Facebook<\/span><\/a><\/li>\n\n<li class=\"wp-social-link wp-social-link-instagram  wp-block-social-link\"><a rel=\"noopener nofollow\" target=\"_blank\" href=\"https:\/\/www.instagram.com\/wajutsuchampagne\/\" class=\"wp-block-social-link-anchor\"><svg width=\"24\" height=\"24\" viewBox=\"0 0 24 24\" version=\"1.1\" xmlns=\"http:\/\/www.w3.org\/2000\/svg\" aria-hidden=\"true\" focusable=\"false\"><path d=\"M12,4.622c2.403,0,2.688,0.009,3.637,0.052c0.877,0.04,1.354,0.187,1.671,0.31c0.42,0.163,0.72,0.358,1.035,0.673 c0.315,0.315,0.51,0.615,0.673,1.035c0.123,0.317,0.27,0.794,0.31,1.671c0.043,0.949,0.052,1.234,0.052,3.637 s-0.009,2.688-0.052,3.637c-0.04,0.877-0.187,1.354-0.31,1.671c-0.163,0.42-0.358,0.72-0.673,1.035 c-0.315,0.315-0.615,0.51-1.035,0.673c-0.317,0.123-0.794,0.27-1.671,0.31c-0.949,0.043-1.233,0.052-3.637,0.052 s-2.688-0.009-3.637-0.052c-0.877-0.04-1.354-0.187-1.671-0.31c-0.42-0.163-0.72-0.358-1.035-0.673 c-0.315-0.315-0.51-0.615-0.673-1.035c-0.123-0.317-0.27-0.794-0.31-1.671C4.631,14.688,4.622,14.403,4.622,12 s0.009-2.688,0.052-3.637c0.04-0.877,0.187-1.354,0.31-1.671c0.163-0.42,0.358-0.72,0.673-1.035 c0.315-0.315,0.615-0.51,1.035-0.673c0.317-0.123,0.794-0.27,1.671-0.31C9.312,4.631,9.597,4.622,12,4.622 M12,3 C9.556,3,9.249,3.01,8.289,3.054C7.331,3.098,6.677,3.25,6.105,3.472C5.513,3.702,5.011,4.01,4.511,4.511 c-0.5,0.5-0.808,1.002-1.038,1.594C3.25,6.677,3.098,7.331,3.054,8.289C3.01,9.249,3,9.556,3,12c0,2.444,0.01,2.751,0.054,3.711 c0.044,0.958,0.196,1.612,0.418,2.185c0.23,0.592,0.538,1.094,1.038,1.594c0.5,0.5,1.002,0.808,1.594,1.038 c0.572,0.222,1.227,0.375,2.185,0.418C9.249,20.99,9.556,21,12,21s2.751-0.01,3.711-0.054c0.958-0.044,1.612-0.196,2.185-0.418 c0.592-0.23,1.094-0.538,1.594-1.038c0.5-0.5,0.808-1.002,1.038-1.594c0.222-0.572,0.375-1.227,0.418-2.185 C20.99,14.751,21,14.444,21,12s-0.01-2.751-0.054-3.711c-0.044-0.958-0.196-1.612-0.418-2.185c-0.23-0.592-0.538-1.094-1.038-1.594 c-0.5-0.5-1.002-0.808-1.594-1.038c-0.572-0.222-1.227-0.375-2.185-0.418C14.751,3.01,14.444,3,12,3L12,3z M12,7.378 c-2.552,0-4.622,2.069-4.622,4.622S9.448,16.622,12,16.622s4.622-2.069,4.622-4.622S14.552,7.378,12,7.378z M12,15 c-1.657,0-3-1.343-3-3s1.343-3,3-3s3,1.343,3,3S13.657,15,12,15z M16.804,6.116c-0.596,0-1.08,0.484-1.08,1.08 s0.484,1.08,1.08,1.08c0.596,0,1.08-0.484,1.08-1.08S17.401,6.116,16.804,6.116z\"><\/path><\/svg><span class=\"wp-block-social-link-label\">Instagram<\/span><\/a><\/li>\n\n<li class=\"wp-social-link wp-social-link-youtube  wp-block-social-link\"><a rel=\"noopener nofollow\" target=\"_blank\" href=\"https:\/\/www.youtube.com\/channel\/UCapWrXm38QYb3hXp4Ek_PtA\" class=\"wp-block-social-link-anchor\"><svg width=\"24\" height=\"24\" viewBox=\"0 0 24 24\" version=\"1.1\" xmlns=\"http:\/\/www.w3.org\/2000\/svg\" aria-hidden=\"true\" focusable=\"false\"><path d=\"M21.8,8.001c0,0-0.195-1.378-0.795-1.985c-0.76-0.797-1.613-0.801-2.004-0.847c-2.799-0.202-6.997-0.202-6.997-0.202 h-0.009c0,0-4.198,0-6.997,0.202C4.608,5.216,3.756,5.22,2.995,6.016C2.395,6.623,2.2,8.001,2.2,8.001S2,9.62,2,11.238v1.517 c0,1.618,0.2,3.237,0.2,3.237s0.195,1.378,0.795,1.985c0.761,0.797,1.76,0.771,2.205,0.855c1.6,0.153,6.8,0.201,6.8,0.201 s4.203-0.006,7.001-0.209c0.391-0.047,1.243-0.051,2.004-0.847c0.6-0.607,0.795-1.985,0.795-1.985s0.2-1.618,0.2-3.237v-1.517 C22,9.62,21.8,8.001,21.8,8.001z M9.935,14.594l-0.001-5.62l5.404,2.82L9.935,14.594z\"><\/path><\/svg><span class=\"wp-block-social-link-label\">YouTube<\/span><\/a><\/li><\/ul>\n<\/div>\n\n\n\n<div class=\"wp-block-group\"><div class=\"wp-block-group__inner-container is-layout-constrained wp-block-group-is-layout-constrained\">\n<figure class=\"wp-block-image size-full is-resized\"><a href=\"https:\/\/i0.wp.com\/www.jujutsu.asso.fr\/wp-content\/uploads\/2025\/05\/image-3.png?ssl=1\"><img data-recalc-dims=\"1\" loading=\"lazy\" decoding=\"async\" width=\"41\" height=\"41\" src=\"https:\/\/i0.wp.com\/www.jujutsu.asso.fr\/wp-content\/uploads\/2025\/05\/image-3.png?resize=41%2C41&#038;ssl=1\" alt=\"\" class=\"wp-image-1374\" style=\"width:35px;height:auto\"\/><\/a><\/figure>\n\n\n\n<p><strong>Page Facebook : <\/strong><\/p>\n\n\n\n<p><a href=\"https:\/\/www.facebook.com\/profile.php?id=61556359656233\">https:\/\/www.facebook.com\/profile.php?id=61556359656233<\/a><\/p>\n\n\n\n<figure class=\"wp-block-image size-full\"><a href=\"https:\/\/i0.wp.com\/www.jujutsu.asso.fr\/wp-content\/uploads\/2025\/05\/image-2.png?ssl=1\"><img data-recalc-dims=\"1\" loading=\"lazy\" decoding=\"async\" width=\"38\" height=\"41\" src=\"https:\/\/i0.wp.com\/www.jujutsu.asso.fr\/wp-content\/uploads\/2025\/05\/image-2.png?resize=38%2C41&#038;ssl=1\" alt=\"\" class=\"wp-image-1373\"\/><\/a><\/figure>\n\n\n\n<p><strong>Page Instagram  : <\/strong><\/p>\n\n\n\n<figure class=\"wp-block-image size-large is-resized\"><a href=\"https:\/\/i0.wp.com\/www.jujutsu.asso.fr\/wp-content\/uploads\/2024\/06\/Lien-Instagram-Wa-jutsu-Champagne.png?ssl=1\"><img data-recalc-dims=\"1\" loading=\"lazy\" decoding=\"async\" width=\"730\" height=\"1024\" src=\"https:\/\/i0.wp.com\/www.jujutsu.asso.fr\/wp-content\/uploads\/2024\/06\/Lien-Instagram-Wa-jutsu-Champagne.png?resize=730%2C1024&#038;ssl=1\" alt=\"\" class=\"wp-image-1299\" style=\"width:141px;height:auto\" srcset=\"https:\/\/i0.wp.com\/www.jujutsu.asso.fr\/wp-content\/uploads\/2024\/06\/Lien-Instagram-Wa-jutsu-Champagne.png?resize=730%2C1024&amp;ssl=1 730w, https:\/\/i0.wp.com\/www.jujutsu.asso.fr\/wp-content\/uploads\/2024\/06\/Lien-Instagram-Wa-jutsu-Champagne.png?resize=214%2C300&amp;ssl=1 214w, https:\/\/i0.wp.com\/www.jujutsu.asso.fr\/wp-content\/uploads\/2024\/06\/Lien-Instagram-Wa-jutsu-Champagne.png?resize=768%2C1077&amp;ssl=1 768w, https:\/\/i0.wp.com\/www.jujutsu.asso.fr\/wp-content\/uploads\/2024\/06\/Lien-Instagram-Wa-jutsu-Champagne.png?w=1080&amp;ssl=1 1080w\" sizes=\"auto, (max-width: 730px) 100vw, 730px\" \/><\/a><\/figure>\n\n\n\n<figure class=\"wp-block-image size-full is-resized\"><a href=\"https:\/\/i0.wp.com\/www.jujutsu.asso.fr\/wp-content\/uploads\/2025\/05\/image.png?ssl=1\"><img data-recalc-dims=\"1\" loading=\"lazy\" decoding=\"async\" width=\"44\" height=\"37\" src=\"https:\/\/i0.wp.com\/www.jujutsu.asso.fr\/wp-content\/uploads\/2025\/05\/image.png?resize=44%2C37&#038;ssl=1\" alt=\"\" class=\"wp-image-1370\" style=\"width:46px;height:auto\"\/><\/a><\/figure>\n\n\n\n<p><strong>Cha\u00eene YouTube : <\/strong><a href=\"https:\/\/www.youtube.com\/channel\/UCapWrXm38QYb3hXp4Ek_PtA\">https:\/\/www.youtube.com\/channel\/UCapWrXm38QYb3hXp4Ek_PtA<\/a><\/p>\n<\/div><\/div>\n","protected":false},"excerpt":{"rendered":"<p>Association de JuJutsu de Champagne au Mont d&rsquo;Orcontact@jujutsu.asso.fr Bureau Pr\u00e9sident : J\u00e9r\u00e9my SANDRINMail : jeremy.sandrin@jujutsu.asso.fr Vice Pr\u00e9sident&hellip;<\/p>\n","protected":false},"author":12,"featured_media":0,"parent":0,"menu_order":8,"comment_status":"closed","ping_status":"closed","template":"","meta":{"footnotes":""},"class_list":["post-46","page","type-page","status-publish","hentry","no-margin"],"jetpack_sharing_enabled":true,"_links":{"self":[{"href":"https:\/\/www.jujutsu.asso.fr\/index.php?rest_route=\/wp\/v2\/pages\/46","targetHints":{"allow":["GET"]}}],"collection":[{"href":"https:\/\/www.jujutsu.asso.fr\/index.php?rest_route=\/wp\/v2\/pages"}],"about":[{"href":"https:\/\/www.jujutsu.asso.fr\/index.php?rest_route=\/wp\/v2\/types\/page"}],"author":[{"embeddable":true,"href":"https:\/\/www.jujutsu.asso.fr\/index.php?rest_route=\/wp\/v2\/users\/12"}],"replies":[{"embeddable":true,"href":"https:\/\/www.jujutsu.asso.fr\/index.php?rest_route=%2Fwp%2Fv2%2Fcomments&post=46"}],"version-history":[{"count":33,"href":"https:\/\/www.jujutsu.asso.fr\/index.php?rest_route=\/wp\/v2\/pages\/46\/revisions"}],"predecessor-version":[{"id":1535,"href":"https:\/\/www.jujutsu.asso.fr\/index.php?rest_route=\/wp\/v2\/pages\/46\/revisions\/1535"}],"wp:attachment":[{"href":"https:\/\/www.jujutsu.asso.fr\/index.php?rest_route=%2Fwp%2Fv2%2Fmedia&parent=46"}],"curies":[{"name":"wp","href":"https:\/\/api.w.org\/{rel}","templated":true}]}}