{"id":30,"date":"2010-08-17T14:27:59","date_gmt":"2010-08-17T14:27:59","guid":{"rendered":"http:\/\/www.jujutsu.asso.fr\/?page_id=30"},"modified":"2025-06-06T20:05:19","modified_gmt":"2025-06-06T18:05:19","slug":"pratiquer","status":"publish","type":"page","link":"https:\/\/www.jujutsu.asso.fr\/?page_id=30","title":{"rendered":"Pratiquer le Ju Jutsu"},"content":{"rendered":"<p style=\"text-align: justify;\"><span style=\"color: #444444; line-height: 24px; font-size: 16px;\"><a href=\"https:\/\/i0.wp.com\/www.jujutsu.asso.fr\/wp-content\/uploads\/2010\/08\/P1030377.jpg?ssl=1\"><img data-recalc-dims=\"1\" loading=\"lazy\" decoding=\"async\" class=\"size-medium wp-image-194 alignleft\" title=\"kata\" src=\"https:\/\/i0.wp.com\/www.jujutsu.asso.fr\/wp-content\/uploads\/2010\/08\/P1030377.jpg?resize=300%2C227&#038;ssl=1\" alt=\"\" width=\"300\" height=\"227\" \/><\/a><\/span><span style=\"color: #444444; line-height: 24px; font-size: 16px;\">Le dojo est ouvert \u00e0 tous \u00e0 partir de 6 ans, quel que soit le niveau de pratique sportive et de condition physique (hors contre indication m\u00e9dicale).<\/span><\/p>\n<p style=\"text-align: justify;\">Il<span style=\"color: #444444; line-height: 24px; font-size: 16px;\"> est situ\u00e9 au <a title=\"Plan d'acc\u00e8s au gymnase\" href=\"http:\/\/tinyurl.com\/36wex8f\" target=\"_blank\" rel=\"noopener\">gymnase Marcel Chatelet<\/a>, sur la commune de Champagne au Mont d&rsquo;Or, au coeur de <\/span><span style=\"color: #444444; line-height: 24px; font-size: 16px;\"><a href=\"http:\/\/www.techlid-lyon.com\/\" target=\"_blank\" rel=\"noopener\">Techlid<\/a><\/span><span style=\"color: #444444; line-height: 24px; font-size: 16px;\">, p\u00f4le \u00e9conomique Ouest du Grand Lyon.<\/span><\/p>\n<p style=\"text-align: justify;\">L&rsquo;encadrement est assur\u00e9 par Pascal Bri\u00e8re, Ma\u00eetre (Okuden-Shihan, ceinture violette 5\u00e8me stade), titulaire du dipl\u00f4me d\u2019instructeur f\u00e9d\u00e9ral de la FFST et du brevet de fin de formation de l\u2019AEJT, m\u00e9thode Wa Jutsu.<\/p>\n<p>Les inscriptions sont possibles tout au long de l&rsquo;ann\u00e9e !<\/p>\n<p>En savoir plus :<\/p>\n<ul>\n<li><span style=\"font-size: 15.6px; line-height: 19px;\"><a href=\".\/?page_id=148 \">comment se d\u00e9roule un cours ?<\/a><\/span><\/li>\n<li><span style=\"font-size: 15.6px; line-height: 19px;\"><a href=\".\/?page_id=153\">les grades<\/a><\/span><\/li>\n<li><span style=\"font-size: 15.6px; line-height: 19px;\"><a href=\".\/?page_id=133\">le code du Bushido<\/a><\/span><\/li>\n<li><span style=\"font-size: 15.6px; line-height: 19px;\"><a href=\".\/?page_id=131\">le Kagami Biraki<\/a><\/span><\/li>\n<\/ul>\n\n\n<figure class=\"wp-block-embed is-type-video is-provider-youtube wp-block-embed-youtube wp-embed-aspect-4-3 wp-has-aspect-ratio\"><div class=\"wp-block-embed__wrapper\">\n<iframe loading=\"lazy\" title=\"WaJutsu Demo Eghezee\" width=\"770\" height=\"578\" src=\"https:\/\/www.youtube.com\/embed\/dUgpo-1POks?feature=oembed\" frameborder=\"0\" allow=\"accelerometer; autoplay; clipboard-write; encrypted-media; gyroscope; picture-in-picture; web-share\" allowfullscreen><\/iframe>\n<\/div><\/figure>\n\n\n\n<figure class=\"wp-block-embed is-type-video is-provider-youtube wp-block-embed-youtube wp-embed-aspect-4-3 wp-has-aspect-ratio\"><div class=\"wp-block-embed__wrapper\">\n<iframe loading=\"lazy\" title=\"The Weaker Sex! (1933)\" width=\"770\" height=\"578\" src=\"https:\/\/www.youtube.com\/embed\/-GJsld9IVjU?feature=oembed\" frameborder=\"0\" allow=\"accelerometer; autoplay; clipboard-write; encrypted-media; gyroscope; picture-in-picture; web-share\" allowfullscreen><\/iframe>\n<\/div><figcaption class=\"wp-element-caption\">Vid\u00e9o tr\u00e8s instructive, elle nous montre qu&rsquo;en 1933, un sport de d\u00e9fense qui ressemble beaucoup au Jujitsu, \u00e9tait d\u00e9j\u00e0 n\u00e9.<\/figcaption><\/figure>\n\n\n\n<p>Lien facebook vers une d\u00e9monstration du club de Beauvais : <a href=\"https:\/\/www.facebook.com\/WajutsuBeauvais\/videos\/2039275719621469\/\">https:\/\/www.facebook.com\/WajutsuBeauvais\/videos\/2039275719621469\/<\/a><\/p>\n","protected":false},"excerpt":{"rendered":"<p>Le dojo est ouvert \u00e0 tous \u00e0 partir de 6 ans, quel que soit le niveau de&hellip;<\/p>\n","protected":false},"author":1,"featured_media":0,"parent":0,"menu_order":3,"comment_status":"closed","ping_status":"closed","template":"","meta":{"footnotes":""},"class_list":["post-30","page","type-page","status-publish","hentry","no-margin"],"jetpack_sharing_enabled":true,"_links":{"self":[{"href":"https:\/\/www.jujutsu.asso.fr\/index.php?rest_route=\/wp\/v2\/pages\/30","targetHints":{"allow":["GET"]}}],"collection":[{"href":"https:\/\/www.jujutsu.asso.fr\/index.php?rest_route=\/wp\/v2\/pages"}],"about":[{"href":"https:\/\/www.jujutsu.asso.fr\/index.php?rest_route=\/wp\/v2\/types\/page"}],"author":[{"embeddable":true,"href":"https:\/\/www.jujutsu.asso.fr\/index.php?rest_route=\/wp\/v2\/users\/1"}],"replies":[{"embeddable":true,"href":"https:\/\/www.jujutsu.asso.fr\/index.php?rest_route=%2Fwp%2Fv2%2Fcomments&post=30"}],"version-history":[{"count":13,"href":"https:\/\/www.jujutsu.asso.fr\/index.php?rest_route=\/wp\/v2\/pages\/30\/revisions"}],"predecessor-version":[{"id":1418,"href":"https:\/\/www.jujutsu.asso.fr\/index.php?rest_route=\/wp\/v2\/pages\/30\/revisions\/1418"}],"wp:attachment":[{"href":"https:\/\/www.jujutsu.asso.fr\/index.php?rest_route=%2Fwp%2Fv2%2Fmedia&parent=30"}],"curies":[{"name":"wp","href":"https:\/\/api.w.org\/{rel}","templated":true}]}}